 o(k) be the first derivative of k**4/4 - 2*k**3/3 + 3*k**2/2 - 7*k + 18. List the prime factors of o(6).
5, 31
Let l(s) = 16*s - 3. Let w be l(2). Let d be -3 + (w - -2 - 1). What are the prime factors of (-6)/(-2) + -1 + d?
29
Suppose -40 = -4*d - 4*f, 0 = -4*d + 2*d + 3*f. What are the prime factors of 2*(-4 + 39/d)?
5
Let l = -5703 + 8203. What are the prime factors of l?
2, 5
Let g = 4756 - 2782. List the prime factors of g.
2, 3, 7, 47
Suppose -18*r = -39*r + 22911. What are the prime factors of r?
1091
Suppose -5*m + 1 = -4*w - 9, 0 = 2*m - w - 7. Let a be 20/m + 2/(-6). Suppose -2*u - 2*h + 8 = 0, -u + h = -a*h + 6. What are the prime factors of u?
2
Suppose 199*s - 202*s = 15. Let w(i) = -36*i + 30. What are the prime factors of w(s)?
2, 3, 5, 7
Suppose 5*t - 710 = -5*u, 0 = 18*u - 14*u - 3*t - 589. List the prime factors of u.
5, 29
Let v = 4 + -7. Let b be (0 - -3) + v - 2. List the prime factors of 10*b/4*-9.
3, 5
Suppose -60*l + 40*l = -21040. What are the prime factors of l?
2, 263
Suppose 0*b + k - 1449 = -2*b, 0 = 3*b + k - 2174. List the prime factors of b.
5, 29
Let h be (1*-6)/(9/(-63)). Suppose 2*k - 58 = -m + h, 2*m + 259 = 5*k. List the prime factors of k.
3, 17
Let p be (-3 - 6)*(-8)/6. Suppose 0 = -10*i + p*i - 40. What are the prime factors of i?
2, 5
Let y(o) = 7*o**3 + 8*o**2 + 32*o - 110. What are the prime factors of y(9)?
7, 11
Let c(q) = -2*q**2 + 4*q**2 - q - q**2 + 17. Let x = -1 + 1. What are the prime factors of c(x)?
17
Suppose -3*o + 32 = -5*a, 3*o + 2*o = 5*a + 50. Suppose -h + 11 + o = 0. Suppose -2*x + h = 2*n - 20, 4*n = -5*x + 84. List the prime factors of n.
2
Let z(v) be the third derivative of -v**4/6 - v**3/6 - 8*v**2. Let k be z(-5). Suppose k = 7*u - 6*u. List the prime factors of u.
19
Suppose l = -l. Suppose 2*m - 4*p = 0, -2*m - 5*p + 2 + 7 = l. Suppose -5*o + 225 = -3*g - 120, -138 = -m*o + 3*g. What are the prime factors of o?
3, 23
Let b be (-6 + (-63)/(-14))/((-3)/44). List the prime factors of (564/(-7))/(-2) - b/77.
2, 5
Let r = 1230 - 681. List the prime factors of r.
3, 61
What are the prime factors of (-5)/((-40)/7072) + -2?
2, 3, 7
Let b(v) = 445*v**2 + 15*v + 33. List the prime factors of b(-3).
3, 11
Let w(v) = 19*v**2 + 21*v - 165. What are the prime factors of w(7)?
11, 83
Let l = 4 + -3. Let n = l + -16. List the prime factors of 4 - 5/(n/72).
2, 7
Let c be (18/8)/(13/(-104)). Let x = 14 + c. List the prime factors of (-22)/x*(3 + -1).
11
Let c be (-15)/60 + 18/8. Suppose c*o + 4*l - 34 = 0, 5*o = o + 4*l + 8. What are the prime factors of o?
7
Let c be -2 - (235/45 - 2/9). Suppose -3*t - 52 + 15 = 5*k, 0 = 5*t - k + 15. List the prime factors of (-28)/(-3 - c)*t.
2, 7
Let w(i) = -i**3 - 4*i**2 + 2*i + 6. Let f be w(-5). Let a = f + -11. Suppose d - 3*d = -a. What are the prime factors of d?
5
What are the prime factors of (4 - 6066/(-12))/((-4)/(-16))?
2, 1019
Suppose 41*u = 11*u + 58830. What are the prime factors of u?
37, 53
Let m(x) = 45*x - 243. List the prime factors of m(6).
3
Let i(u) = -61*u - 150. List the prime factors of i(-16).
2, 7, 59
Let g(k) = k**3 - 8*k**2 + 13*k - 20. Let s be g(8). Suppose 6*u - 378 = s. List the prime factors of u.
7, 11
Let v be (-7)/((-7)/4) + 4 + 1936. Suppose -5*t + v = 4*t. What are the prime factors of t?
2, 3
Suppose 3*z = 3*s - 4161, 2*s + 2*z = 3006 - 224. List the prime factors of s.
3, 463
Suppose 0 = -5*f + 31*f - 26338. What are the prime factors of f?
1013
Let g be 4 + -4 + 3 + -4. What are the prime factors of 69 - -3*(g - 0)?
2, 3, 11
Let h = 15440 + -10271. List the prime factors of h.
3, 1723
Let g = -222 + 618. List the prime factors of g.
2, 3, 11
Suppose -2123*t - 1635 = -2124*t. What are the prime factors of t?
3, 5, 109
Let y(c) = -2*c**3 + 4*c**2 - 4*c - 31. List the prime factors of y(-4).
3, 59
Let v(w) = w**3 + 7*w**2 - 8*w - 3. Let b be v(-8). Let u be 15*(b + (-30)/(-9)). Suppose -88 + 253 = u*y. List the prime factors of y.
3, 11
Let v(j) = 13*j + 6. Let z be v(7). Suppose -3*k + 2*r = -59, 3*r = 2*k + 3*k - z. Suppose -k = -2*q + 35. List the prime factors of q.
2, 13
Suppose 0 = -3*w - 4 - 2. Let g be w + (6 - 2) + 23. Suppose -4*d + 47 = -g. What are the prime factors of d?
2, 3
Let h(w) = 155*w - 12. Let c be h(3). Suppose 10*j = c + 357. List the prime factors of j.
3
Let c(k) = -k**2 - 6*k + 1. Let h be ((-7 - -4) + 9)/(-1). Let z be c(h). Let x(o) = 55*o**3 + o**2 - o + 1. What are the prime factors of x(z)?
2, 7
Suppose -9*u + 5605 = -4*u + 5*c, -2 = -c. What are the prime factors of u?
3, 373
Suppose -m = -25*g + 26*g - 271, -4*m = 0. What are the prime factors of g?
271
Suppose 137 = 3*x + 5*g - g, -x - 3*g + 44 = 0. Let j be 1*x/3*3. Suppose 3*i + 5*y = 3*y + j, -i = -y - 14. What are the prime factors of i?
3, 5
Let w(q) = -639*q + 178. What are the prime factors of w(-3)?
5, 419
Let m(k) = -k - 4. Let u be m(-10). Let f be (2 + -11)*u/(-3). Let q = 40 - f. What are the prime factors of q?
2, 11
Let q(u) = -u**3 + 8*u**2 + u - 4. Suppose -4*w = -2*w - 8. List the prime factors of q(w).
2
Let s = 1056 + -790. What are the prime factors of s?
2, 7, 19
Let n = 9 - 9. Suppose n = y + y - 24. Suppose 8*q = y*q - 92. List the prime factors of q.
23
Suppose -3*m = -3, 0*m - 30 = 3*v + 3*m. Let u = -1 - 2. What are the prime factors of u + 2 - 2 - v?
2
What are the prime factors of (-145)/(-4) - 7/28?
2, 3
Let y(c) = -c**2 + 5*c + 4. Let a be y(5). Suppose 20 = 4*p, -3*x + a*p + p + 2 = 0. Suppose 32 = -5*w + x*w. List the prime factors of w.
2
Let h = 7215 + -1755. List the prime factors of h.
2, 3, 5, 7, 13
Let t = -5 - 1. Let v = t + 5. What are the prime factors of v/2 - 58/(-4)?
2, 7
Let k = 9 - 5. Suppose 0 = -k*c + 575 + 109. List the prime factors of c.
3, 19
Suppose -d = 4*h - 7*h + 817, d - 821 = -3*h. List the prime factors of h.
3, 7, 13
Suppose 101*d - 39995 = 82*d. List the prime factors of d.
5, 421
Let r be ((-18)/12)/(-1 + 1/2). Suppose -r*x = -383 + 56. What are the prime factors of x?
109
Let g(s) = 2*s**2 - 14*s - 16. Let c be 1*44/(4/1). List the prime factors of g(c).
2, 3
List the prime factors of ((-11710)/40)/(3 + 75/(-24)).
2, 1171
What are the prime factors of (-9)/(-24) + 11679/24?
487
Let a = 1909 + -841. List the prime factors of a.
2, 3, 89
Suppose -10*g + 7*g + 2928 = 0. List the prime factors of g.
2, 61
Let y(r) = r**2 + r - 6. Let s(o) be the second derivative of o**4/12 + 7*o**3/6 + 3*o. Let k be s(-6). List the prime factors of y(k).
2, 3
Let h = 3 - -1. Suppose h*u - 18 = -6. What are the prime factors of 0 - (0 + (u - 25))?
2, 11
Let g be (2*(-27)/90)/((-1)/5). Suppose -4*o + 2*k = -1146, -g*o + 872 = -0*k + k. What are the prime factors of o?
17
Let t(h) = h**3 + 23*h**2 - 26*h - 101. List the prime factors of t(-17).
5, 83
Let c = -20 + 51. Suppose c - 243 = -4*d. List the prime factors of d.
53
Suppose -4*d = 2*z - 4*z - 12, 5*z - 3 = -d. Suppose h - 7 - 26 = z. List the prime factors of h.
3, 11
Let n(z) = 101*z + 6. List the prime factors of n(21).
3, 709
Let f = 26 + -27. What are the prime factors of 160*(0 - 1)*f?
2, 5
Let a(w) = -2*w**2 + 6*w + 9. Let r be a(-10). Let c = r + 483. Suppose 0*z - 86 = -2*z + 3*v, 0 = -5*z - v + c. What are the prime factors of z?
2, 23
Suppose -2*o = -3*m + 260, -2*m + 180 = -2*o - o. Suppose 0 = -4*p + 5*x + 176, -m + 26 = -2*p - 5*x. What are the prime factors of p?
3, 13
Suppose -f + 6*f - 3*a + 44 = 0, -5 = -f - 4*a. Let z(s) = 3*s - 5*s - 4*s + 2. List the prime factors of z(f).
2, 11
Suppose -3*a + 30 = 2*a. Let n be (-1 - 0) + 47/(1 + 0). Let d = a + n. List the prime factors of d.
2, 13
Suppose -4*a = -2*d - 3*a + 35, 3*a = -2*d + 15. Let j = d + -11. Suppose 0 = -h - 2*x, 0 = -2*x + j*x + 2. List the prime factors of h.
2
Let c = 1124 - 655. What are the prime factors of c?
7, 67
What are the prime factors of ((-18)/(-21) - 178476/168)*-2?
11, 193
Let y(s) = s**2 - 8*s - 7. Let t be y(8). Let k(p) be the second derivative of -p**3/3 - 5*p**2/2 - 2*p. What are the prime factors of k(t)?
3
Suppose 5*z = -0*z - 175. Let l be ((-36)/(-2))/(10/z). Let u = -34 - l. List the prime factors of u.
29
Suppose 3*f = -2*v - 61 - 61, -5*f = 20. Suppose 2*n = u - 125, 4*n + 99 + 266 = 3*u. Let r = u + v. List the prime factors of